e
Is 10741 a multiple of 4?
False
Does 15 divide 352?
False
Does 16 divide 3869?
False
Is 14 a factor of 2191?
False
Is 44 a factor of 2603?
False
Is 36 a factor of 5472?
True
Is 34703 a multiple of 71?
False
Does 13 divide 12948?
True
Does 36 divide 4353?
False
Is 3321 a multiple of 4?
False
Is 59 a factor of 654?
False
Does 200 divide 9600?
True
Is 33 a factor of 2088?
False
Is 615 a multiple of 26?
False
Does 17 divide 135?
False
Is 7 a factor of 2948?
False
Is 13 a factor of 247?
True
Does 24 divide 10030?
False
Is 60 a factor of 3145?
False
Does 14 divide 98?
True
Does 71 divide 4970?
True
Is 30 a factor of 450?
True
Is 23 a factor of 880?
False
Does 45 divide 11858?
False
Is 5993 a multiple of 13?
True
Is 80 a factor of 92560?
True
Is 1075 a multiple of 25?
True
Does 23 divide 2185?
True
Does 254 divide 30480?
True
Does 28 divide 4611?
False
Is 77 a factor of 1562?
False
Does 137 divide 5891?
True
Is 8 a factor of 5937?
False
Is 121 a factor of 4828?
False
Does 29 divide 790?
False
Does 10 divide 3670?
True
Is 16 a factor of 14397?
False
Does 14 divide 16436?
True
Is 28496 a multiple of 137?
True
Is 34 a factor of 9043?
False
Is 1005 a multiple of 67?
True
Is 1760 a multiple of 80?
True
Is 37 a factor of 2109?
True
Is 8 a factor of 1816?
True
Is 15911 a multiple of 83?
False
Is 16 a factor of 180?
False
Does 16 divide 9563?
False
Is 15 a factor of 1080?
True
Does 107 divide 18596?
False
Does 9 divide 243?
True
Is 269 a multiple of 8?
False
Is 5329 a multiple of 38?
False
Is 255 a multiple of 51?
True
Is 8517 a multiple of 8?
False
Is 18 a factor of 1174?
False
Is 21 a factor of 11760?
True
Does 61 divide 1891?
True
Is 854 a multiple of 45?
False
Is 72 a factor of 1390?
False
Does 19 divide 228?
True
Does 30 divide 1440?
True
Is 247 a multiple of 7?
False
Is 4 a factor of 36?
True
Does 31 divide 558?
True
Is 48009 a multiple of 13?
True
Does 17 divide 16744?
False
Is 199 a factor of 37299?
False
Is 2021 a multiple of 35?
False
Is 81 a factor of 1572?
False
Does 8 divide 1834?
False
Is 820 a multiple of 82?
True
Does 20 divide 40480?
True
Is 165 a multiple of 17?
False
Is 23 a factor of 184?
True
Is 1743 even?
False
Is 22 a factor of 56303?
False
Does 18 divide 198?
True
Is 88722 a multiple of 18?
True
Is 532 a multiple of 76?
True
Does 29 divide 1537?
True
Does 26 divide 781?
False
Does 13 divide 1319?
False
Does 2 divide 4877?
False
Is 26 a factor of 858?
True
Is 2620 a multiple of 4?
True
Is 240 a multiple of 8?
True
Is 782 a multiple of 17?
True
Is 300 a multiple of 5?
True
Is 8342 a multiple of 86?
True
Is 2950 a multiple of 59?
True
Is 181 a factor of 160366?
True
Is 118 a factor of 9329?
False
Does 10 divide 342?
False
Does 148 divide 4440?
True
Does 6 divide 300?
True
Does 38 divide 108?
False
Is 39 a factor of 3196?
False
Does 3 divide 7676?
False
Is 115 a factor of 63365?
True
Does 61 divide 34357?
False
Is 1525 a multiple of 44?
False
Is 15 a factor of 3495?
True
Is 9 a factor of 1071?
True
Does 21 divide 1113?
True
Is 30720 a multiple of 96?
True
Is 38 a factor of 1254?
True
Is 5579 a multiple of 11?
False
Is 22 a factor of 15730?
True
Is 4 a factor of 907?
False
Is 572 a multiple of 7?
False
Is 5 a factor of 240?
True
Does 11 divide 10868?
True
Is 102 a factor of 10074?
False
Is 26 a factor of 130?
True
Is 26 a factor of 253?
False
Does 26 divide 62244?
True
Does 8 divide 1592?
True
Does 4 divide 6187?
False
Does 4 divide 21725?
False
Does 24 divide 2904?
True
Does 77 divide 18326?
True
Is 3322 a multiple of 151?
True
Does 9 divide 6523?
False
Does 23 divide 68475?
False
Is 11 a factor of 45446?
False
Does 12 divide 204?
True
Does 8 divide 1312?
True
Is 110 a multiple of 2?
True
Does 13 divide 3908?
False
Is 37 a factor of 23960?
False
Is 53 a factor of 6890?
True
Is 3313 a multiple of 3?
False
Is 4913 a multiple of 8?
False
Does 8 divide 3134?
False
Is 3 a factor of 589?
False
Does 6 divide 25518?
True
Is 3 a factor of 7568?
False
Is 8188 a multiple of 92?
True
Does 201 divide 29582?
False
Is 22 a factor of 5302?
True
Is 4437 a multiple of 3?
True
Does 18 divide 6786?
True
Is 2 a factor of 16?
True
Is 19 a factor of 6392?
False
Does 84 divide 670?
False
Does 213 divide 22402?
False
Is 70 a factor of 8408?
False
Is 86 a factor of 344?
True
Is 142 a factor of 2618?
False
Is 22 a factor of 154?
True
Is 2242 a multiple of 70?
False
Is 163 a factor of 17095?
False
Does 5 divide 18739?
False
Does 29 divide 664?
False
Does 8 divide 42986?
False
Is 135 a factor of 5130?
True
Does 57 divide 2279?
False
Is 102 a factor of 10098?
True
Does 24 divide 4872?
True
Is 7 a factor of 4551?
False
Is 46 a factor of 17204?
True
Is 138 a factor of 31287?
False
Is 594 a multiple of 27?
True
Is 112 a factor of 6978?
False
Is 112 a multiple of 56?
True
Is 2 a factor of 3571?
False
Does 20 divide 535?
False
Is 10 a factor of 2308?
False
Does 52 divide 1872?
True
Does 5 divide 305?
True
Does 37 divide 8544?
False
Is 3150 a multiple of 11?
False
Is 34 a factor of 1326?
True
Is 1585 a multiple of 33?
False
Does 12 divide 1920?
True
Does 13 divide 54106?
True
Is 19 a factor of 994?
False
Does 13 divide 611?
True
Is 10 a factor of 4280?
True
Does 45 divide 3243?
False
Is 50 a factor of 2400?
True
Is 24 a factor of 3847?
False
Is 7 a factor of 154?
True
Does 30 divide 12381?
False
Is 330 a multiple of 22?
True
Does 24 divide 2304?
True
Does 4 divide 2359?
False
Does 59 divide 7994?
False
Does 18 divide 50066?
False
Is 275 a multiple of 25?
True
Does 11 divide 231?
True
Is 14014 a multiple of 154?
True
Is 142 a factor of 53452?
False
Is 46 a factor of 23238?
False
Is 484 a multiple of 22?
True
Does 9 divide 1935?
True
Is 273 a multiple of 13?
True
Is 49 a factor of 735?
True
Does 32 divide 5755?
False
Is 4968 a multiple of 12?
True
Is 22515 a multiple of 193?
False
Does 62 divide 1009?
False
Does 28 divide 1737?
False
Is 43420 a multiple of 52?
True
Is 14 a factor of 109?
False
Is 72 a factor of 278?
False
Does 21 divide 63?
True
Is 32 a factor of 11735?
False
Is 1900 a multiple of 38?
True
Does 23 divide 644?
True
Is 26612 a multiple of 51?
False
Does 38 divide 874?
True
Is 33515 a multiple of 46?
False
Is 1261 a multiple of 13?
True
Is 780 a multiple of 30?
True
Does 47 divide 1064?
False
Is 262 a factor of 86800?
False
Is 22 a factor of 50116?
True
Is 98 a factor of 784?
True
Is 2740 a multiple of 17?
False
Is 2540 a multiple of 20?
True
Is 13 a factor of 33319?
True
Is 41 a factor of 861?
True
Does 14 divide 770?
True
Is 40 a factor of 440?
True
Does 3 divide 33?
True
Is 31088 a multiple of 116?
True
Is 31 a factor of 4757?
False
Is 1868 a multiple of 4?
True
Is 528 a multiple of 12?
True
Is 18 a factor of 62282?
False
Is 47 a factor of 34260?
False
Does 33 divide 16937?
False
Is 80 a multiple of 5?
True
Does 269 divide 43556?
False
Is 9 a factor of 337?
False
Is 51 a factor of 7280?
False
Does 37 divide 1761?
False
Does 12 divide 57046?
False
Is 955 a multiple of 5?
True
Is 156 even?
True
Does 33 divide 10527?
True
Is 524 a multiple of 9?
False
Is 370 a multiple of 74?
True
Is 1449 a multiple of 21?
True
Does 65 divide 975?
True
Is 30 a multiple of 7?
False
Is 2184 a multiple of 14?
True
Is 152 a multiple of 19?
True
Is 129 a factor of 14785?
False
Is 97739 a multiple of 25?
False
Does 53 divide 3339?
True
Does 25 divide 4043?
False
Does 31 divide 3060?
False
Does 216 divide 10215?
False
Is 27 a factor of 732?
False
Is 12 a factor of 504?
True
Is 770 a multiple of 35?
True
Is 29455 a multiple of 137?
True
Is 9 a factor of 263?
False
Is 564 a multiple of 3?
True
Is 4 a factor of 904?
True
Does 79 divide 14145?
False
Is 37 a factor of 2229?
False
Does 13 divide 26?
True
Is 11 a factor of 1760?
True
Does 13 divide 785?
False
Does 35 divide 6223?
False
Is 3744 a multiple of 13?
True
Is 6 a factor of 35508?
True
Is 38 a factor of 16606?
True
Does 12 divide 5040?
True
Does 18 divide 4019?
False
Does 68 divide 3855?
False
Does 9 divide 477?
True
Is 323 a multiple of 87?
False
Is 29 a factor of 339?
False
Is 129 a factor of 41343?
False
Does 7 divide 1505?
True
Is 28595 a multiple of 289?
False
Is 87048 a multiple of 265?
False
Is 92 a factor of 33440?
False
Is 10 a factor of 10535?
False
Is 5240 a multiple of 40?
True
Is 8 a factor of 441?
False
Does 26 d